 and 40.
40
Calculate the greatest common divisor of 10 and 18.
2
Calculate the highest common factor of 521 and 1.
1
What is the highest common factor of 432 and 4212?
108
What is the greatest common factor of 9 and 13?
1
What is the greatest common divisor of 204 and 119?
17
Calculate the highest common factor of 4 and 61.
1
Calculate the greatest common factor of 70 and 406.
14
Calculate the greatest common divisor of 109 and 3161.
109
What is the greatest common factor of 63 and 7?
7
What is the greatest common divisor of 22 and 99?
11
What is the highest common factor of 12352 and 128?
64
Calculate the highest common factor of 24 and 32.
8
Calculate the highest common factor of 38 and 171.
19
What is the greatest common factor of 39 and 13?
13
Calculate the greatest common divisor of 830 and 15106.
166
What is the greatest common factor of 62 and 62?
62
Calculate the greatest common divisor of 99245 and 115.
115
What is the highest common divisor of 417 and 3?
3
Calculate the greatest common divisor of 1449 and 17227.
161
What is the greatest common factor of 156 and 702?
78
What is the greatest common factor of 1224 and 16?
8
What is the highest common divisor of 2508 and 456?
228
What is the greatest common factor of 103 and 98159?
103
Calculate the highest common factor of 2 and 26.
2
What is the highest common divisor of 42 and 966?
42
Calculate the highest common factor of 2 and 248.
2
What is the highest common factor of 534 and 24?
6
Calculate the greatest common divisor of 120 and 20760.
120
What is the highest common divisor of 2703 and 1272?
159
What is the highest common factor of 465 and 620?
155
Calculate the greatest common factor of 180 and 45.
45
What is the highest common factor of 7540 and 52?
52
What is the greatest common factor of 6016 and 256?
128
What is the highest common factor of 428 and 4?
4
Calculate the greatest common divisor of 473 and 43.
43
What is the highest common divisor of 198 and 711?
9
Calculate the highest common factor of 350 and 42.
14
What is the highest common factor of 15 and 135?
15
Calculate the greatest common factor of 2581 and 29.
29
What is the greatest common divisor of 351 and 234?
117
What is the greatest common divisor of 850 and 34?
34
Calculate the greatest common factor of 18 and 84.
6
Calculate the highest common factor of 12 and 784.
4
What is the highest common factor of 15 and 140910?
15
What is the highest common divisor of 33 and 6?
3
Calculate the highest common factor of 71 and 1349.
71
What is the greatest common factor of 95 and 133?
19
What is the greatest common factor of 101 and 2929?
101
What is the greatest common divisor of 4102 and 56?
14
What is the greatest common divisor of 9 and 3132?
9
What is the greatest common divisor of 567 and 405?
81
Calculate the greatest common factor of 381 and 12.
3
What is the greatest common divisor of 189 and 175?
7
What is the greatest common factor of 90 and 210?
30
Calculate the highest common factor of 105 and 3577.
7
What is the highest common factor of 50 and 1?
1
Calculate the greatest common factor of 126 and 154.
14
Calculate the highest common divisor of 32 and 842.
2
What is the greatest common factor of 897 and 3243?
69
Calculate the highest common divisor of 35 and 77.
7
What is the greatest common divisor of 2511 and 324?
81
What is the highest common divisor of 630 and 135?
45
What is the highest common divisor of 78 and 585?
39
Calculate the greatest common factor of 1 and 116.
1
What is the highest common factor of 15 and 171?
3
What is the greatest common divisor of 510 and 45?
15
Calculate the highest common divisor of 80 and 11420.
20
Calculate the greatest common divisor of 1 and 4051.
1
Calculate the greatest common divisor of 1488 and 96.
48
What is the greatest common factor of 41 and 779?
41
Calculate the greatest common factor of 135 and 14283.
27
Calculate the greatest common divisor of 24 and 46392.
24
Calculate the highest common divisor of 1134 and 84.
42
Calculate the greatest common factor of 261 and 27.
9
Calculate the highest common divisor of 414 and 437.
23
Calculate the highest common factor of 710 and 20.
10
What is the greatest common divisor of 3223 and 44?
11
Calculate the highest common factor of 56 and 35.
7
Calculate the highest common divisor of 650 and 26.
26
Calculate the highest common divisor of 580 and 140.
20
Calculate the greatest common factor of 33 and 11.
11
Calculate the highest common factor of 66 and 792.
66
What is the highest common divisor of 7931 and 77?
77
What is the greatest common divisor of 60 and 2940?
60
What is the greatest common divisor of 128 and 12?
4
Calculate the greatest common factor of 26 and 26.
26
Calculate the highest common factor of 6 and 27216.
6
What is the highest common divisor of 1081 and 851?
23
What is the greatest common divisor of 731 and 17?
17
Calculate the greatest common factor of 9789 and 78.
39
What is the highest common factor of 645 and 30?
15
Calculate the highest common factor of 40 and 50.
10
What is the greatest common factor of 10 and 114?
2
What is the greatest common factor of 416 and 39?
13
Calculate the highest common divisor of 366 and 48.
6
Calculate the greatest common factor of 61 and 4087.
61
Calculate the highest common factor of 2975 and 175.
175
Calculate the highest common divisor of 20 and 85.
5
What is the greatest common factor of 598 and 130?
26
Calculate the highest common factor of 25968 and 96.
48
Calculate the highest common factor of 151 and 5587.
151
Calculate the highest common divisor of 11662 and 196.
98
What is the greatest common factor of 1387 and 73?
73
Calculate the highest common factor of 324 and 12231.
81
What is the greatest common factor of 2686 and 68?
34
What is the greatest common divisor of 48 and 304?
16
What is the highest common factor of 2616 and 1536?
24
What is the highest common divisor of 6413 and 242?
121
Calculate the highest common divisor of 24 and 776.
8
What is the greatest common factor of 69 and 598?
23
Calculate the highest common factor of 5856 and 96.
96
Calculate the greatest common divisor of 869 and 33.
11
Calculate the greatest common divisor of 184 and 437.
23
Calculate the highest common factor of 6 and 9924.
6
What is the highest common divisor of 3 and 7?
1
Calculate the highest common divisor of 495 and 55.
55
Calculate the highest common factor of 1632 and 153.
51
What is the greatest common divisor of 420 and 120?
60
Calculate the greatest common divisor of 17 and 9792.
17
What is the greatest common factor of 899 and 93?
31
What is the greatest common factor of 15 and 1470?
15
What is the greatest common factor of 10 and 190?
10
Calculate the greatest common divisor of 165 and 77.
11
What is the greatest common factor of 30 and 12?
6
What is the greatest common divisor of 213 and 18?
3
Calculate the greatest common factor of 1241 and 527.
17
What is the greatest common divisor of 71 and 71?
71
Calculate the highest common divisor of 920 and 40.
40
What is the highest common factor of 10890 and 90?
90
What is the greatest common factor of 989 and 2668?
23
Calculate the greatest common divisor of 6083 and 77.
77
What is the highest common divisor of 2584 and 187?
17
Calculate the highest common factor of 230 and 10.
10
What is the highest common divisor of 3239 and 82?
41
Calculate the greatest common divisor of 15 and 1920.
15
What is the highest common factor of 3827 and 43?
43
What is the greatest common divisor of 4606 and 470?
94
Calculate the highest common factor of 81354 and 14.
14
What is the highest common factor of 88 and 418?
22
Calculate the highest common divisor of 11 and 99.
11
Calculate the greatest common factor of 1295 and 70.
35
What is the highest common factor of 85466 and 302?
302
Calculate the highest common divisor of 1408 and 5456.
176
What is the greatest common divisor of 114 and 474?
6
What is the greatest common divisor of 57 and 4731?
57
Calculate the greatest common divisor of 946 and 88.
22
What is the greatest common divisor of 31875 and 255?
255
Calculate the highest common factor of 539 and 196.
49
What is the greatest common divisor of 182 and 98?
14
What is the greatest common factor of 651 and 231?
21
What is the h